{"id":502,"date":"2023-01-18T11:47:14","date_gmt":"2023-01-18T10:47:14","guid":{"rendered":"http:\/\/mlcpree.cluster029.hosting.ovh.net\/?page_id=502"},"modified":"2023-08-22T14:04:01","modified_gmt":"2023-08-22T12:04:01","slug":"choisis-une-formation-professionnelle","status":"publish","type":"page","link":"https:\/\/latetedelemploi.be\/index.php\/choisis-une-formation-professionnelle\/","title":{"rendered":"Choisis une formation professionnelle"},"content":{"rendered":"\n<h3 class=\"wp-block-heading\">Evite les formations qui te conduisent droit au ch\u00f4mage.<\/h3>\n\n\n\n<h3 class=\"wp-block-heading\">Privil\u00e9gie la formation qualifiante.<\/h3>\n\n\n\n<p>Peut-\u00eatre sera-t-il n\u00e9cessaire de te former pour atteindre les objectifs que tu t&#8217;es fix\u00e9s. Les raisons pour suivre une formation professionnelle sont nombreuses:<\/p>\n\n\n\n<ul class=\"wp-block-list\">\n<li>Tu as trouv\u00e9 ce que tu souhaites faire mais tu n&#8217;as pas la qualification<\/li>\n\n\n\n<li>Il te manque une comp\u00e9tence essentielle pour correspondre aux offres d&#8217;emploi<\/li>\n\n\n\n<li>Tu souhaites acqu\u00e9rir des comp\u00e9tences suppl\u00e9mentaires ou changer de secteur faute de recrutement dans le domaine que tu avais choisi.<\/li>\n<\/ul>\n\n\n\n<p><a href=\"https:\/\/latetedelemploi.be\/index.php\/2023\/01\/18\/comment-choisir-une-formation\/\" target=\"_blank\" rel=\"noreferrer noopener\">Bien choisir une formation<\/a> est complexe car il faut tenir compte de nombreux crit\u00e8res. Formation en alternance, \u00e0 temps plein ou temps partiel. Entreprise de formation par le travail, formation Forem, cours du soir ou du jour en promotion sociale, formation \u00e0 distance, \u00e9cole priv\u00e9e,\u2026 Etudie bien toutes les possibilit\u00e9s qui te sont offertes et porte ton choix sur la formation qui t&#8217;apportera un dipl\u00f4me ou qui est reconnue par les employeurs.<\/p>\n\n\n\n<p>Pour faire ton choix, tu peux peut-\u00eatre examiner la liste publi\u00e9e chaque ann\u00e9e par l&#8217;Onem sur <a href=\"https:\/\/latetedelemploi.be\/index.php\/2023\/01\/18\/focus-sur-les-metiers-en-penurie\/\" target=\"_blank\" rel=\"noreferrer noopener\">les m\u00e9tiers en p\u00e9nurie<\/a>.<\/p>\n\n\n\n<p>Pour \u00eatre s\u00fbr de faire le bon choix, tu peux participer \u00e0 des essais m\u00e9tiers. Le FOREM, mais aussi d&#8217;autres organismes de formation tels que des EFT, proposent aux demandeurs d&#8217;emploi d&#8217;essayer plusieurs professions. Durant quelques semaines, tu essaies diff\u00e9rents m\u00e9tiers afin de d\u00e9terminer si tu as les aptitudes dans ce secteur et si, apr\u00e8s la mise en situation, tu appr\u00e9cies les t\u00e2ches accomplies.<\/p>\n\n\n\n<p>Tu souhaites trouver des informations sur les formations rend toi au carrefour formation ou au SIEP.<\/p>\n\n\n\n<p>A chaque m\u00e9tier, une qualification, des comp\u00e9tences, des aptitudes et traits de personnalit\u00e9. Corresponds-tu au profil recherch\u00e9 par les employeurs ?<\/p>\n","protected":false},"excerpt":{"rendered":"<p>Evite les formations qui te conduisent droit au ch\u00f4mage. Privil\u00e9gie la formation qualifiante. Peut-\u00eatre sera-t-il n\u00e9cessaire de te former pour atteindre les objectifs que tu t&#8217;es fix\u00e9s. Les raisons pour suivre une formation professionnelle sont nombreuses: Bien choisir une formation est complexe car il faut tenir compte de nombreux crit\u00e8res. Formation en alternance, \u00e0 temps [&hellip;]<\/p>\n","protected":false},"author":2,"featured_media":0,"parent":0,"menu_order":0,"comment_status":"closed","ping_status":"closed","template":"","meta":{"footnotes":""},"class_list":["post-502","page","type-page","status-publish","hentry"],"_links":{"self":[{"href":"https:\/\/latetedelemploi.be\/index.php\/wp-json\/wp\/v2\/pages\/502","targetHints":{"allow":["GET"]}}],"collection":[{"href":"https:\/\/latetedelemploi.be\/index.php\/wp-json\/wp\/v2\/pages"}],"about":[{"href":"https:\/\/latetedelemploi.be\/index.php\/wp-json\/wp\/v2\/types\/page"}],"author":[{"embeddable":true,"href":"https:\/\/latetedelemploi.be\/index.php\/wp-json\/wp\/v2\/users\/2"}],"replies":[{"embeddable":true,"href":"https:\/\/latetedelemploi.be\/index.php\/wp-json\/wp\/v2\/comments?post=502"}],"version-history":[{"count":3,"href":"https:\/\/latetedelemploi.be\/index.php\/wp-json\/wp\/v2\/pages\/502\/revisions"}],"predecessor-version":[{"id":1882,"href":"https:\/\/latetedelemploi.be\/index.php\/wp-json\/wp\/v2\/pages\/502\/revisions\/1882"}],"wp:attachment":[{"href":"https:\/\/latetedelemploi.be\/index.php\/wp-json\/wp\/v2\/media?parent=502"}],"curies":[{"name":"wp","href":"https:\/\/api.w.org\/{rel}","templated":true}]}}

<h3 class="wp-block-heading">Evite les formations qui te conduisent droit au chômage.</h3>



<h3 class="wp-block-heading">Privilégie la formation qualifiante.</h3>



<p>Peut-être sera-t-il nécessaire de te former pour atteindre les objectifs que tu t&#8217;es fixés. Les raisons pour suivre une formation professionnelle sont nombreuses:</p>



<ul class="wp-block-list">
<li>Tu as trouvé ce que tu souhaites faire mais tu n&#8217;as pas la qualification</li>



<li>Il te manque une compétence essentielle pour correspondre aux offres d&#8217;emploi</li>



<li>Tu souhaites acquérir des compétences supplémentaires ou changer de secteur faute de recrutement dans le domaine que tu avais choisi.</li>
</ul>



<p><a href="https://latetedelemploi.be/index.php/2023/01/18/comment-choisir-une-formation/" target="_blank" rel="noreferrer noopener">Bien choisir une formation</a> est complexe car il faut tenir compte de nombreux critères. Formation en alternance, à temps plein ou temps partiel. Entreprise de formation par le travail, formation Forem, cours du soir ou du jour en promotion sociale, formation à distance, école privée,… Etudie bien toutes les possibilités qui te sont offertes et porte ton choix sur la formation qui t&#8217;apportera un diplôme ou qui est reconnue par les employeurs.</p>



<p>Pour faire ton choix, tu peux peut-être examiner la liste publiée chaque année par l&#8217;Onem sur <a href="https://latetedelemploi.be/index.php/2023/01/18/focus-sur-les-metiers-en-penurie/" target="_blank" rel="noreferrer noopener">les métiers en pénurie</a>.</p>



<p>Pour être sûr de faire le bon choix, tu peux participer à des essais métiers. Le FOREM, mais aussi d&#8217;autres organismes de formation tels que des EFT, proposent aux demandeurs d&#8217;emploi d&#8217;essayer plusieurs professions. Durant quelques semaines, tu essaies différents métiers afin de déterminer si tu as les aptitudes dans ce secteur et si, après la mise en situation, tu apprécies les tâches accomplies.</p>



<p>Tu souhaites trouver des informations sur les formations rend toi au carrefour formation ou au SIEP.</p>



<p>A chaque métier, une qualification, des compétences, des aptitudes et traits de personnalité. Corresponds-tu au profil recherché par les employeurs ?</p>

<p>Evite les formations qui te conduisent droit au chômage. Privilégie la formation qualifiante. Peut-être sera-t-il nécessaire de te former pour atteindre les objectifs que tu t&#8217;es fixés. Les raisons pour suivre une formation professionnelle sont nombreuses: Bien choisir une formation est complexe car il faut tenir compte de nombreux critères. Formation en alternance, à temps [&hellip;]</p>
