{"id":479,"date":"2023-01-18T11:07:28","date_gmt":"2023-01-18T10:07:28","guid":{"rendered":"http:\/\/mlcpree.cluster029.hosting.ovh.net\/?page_id=479"},"modified":"2023-01-27T11:29:32","modified_gmt":"2023-01-27T10:29:32","slug":"participer-a-un-jobcoaching","status":"publish","type":"page","link":"https:\/\/latetedelemploi.be\/index.php\/participer-a-un-jobcoaching\/","title":{"rendered":"Participer \u00e0 un Jobcoaching"},"content":{"rendered":"\n<p>Notre service propose un accompagnement gratuit aux demandeurs d\u2019emploi r\u00e9sidant \u00e0 Ans.<\/p>\n\n\n\n<p>Peu importe votre statut&nbsp;: ch\u00f4meur \u2013 b\u00e9n\u00e9ficiaire du Revenu d\u2019int\u00e9gration &#8211; personne sans revenu<\/p>\n\n\n\n<p><strong>Participer \u00e0 un coaching emploi&nbsp;?<\/strong><\/p>\n\n\n\n<p>En fonction de vos besoins, vous <strong>choisissez le programme&nbsp;<\/strong>:<\/p>\n\n\n\n<ul class=\"wp-block-list\">\n<li><strong>R\u00c9ALISEZ UN BILAN DE VOS COMP\u00c9TENCES<\/strong>\n<ul class=\"wp-block-list\">\n<li><em>Je tiens compte de mes envies, de mes comp\u00e9tences, de ma personnalit\u00e9, de mes valeurs, de la r\u00e9alit\u00e9 du march\u00e9 de l\u2019emploi<\/em> \u2026<\/li>\n<\/ul>\n<\/li>\n\n\n\n<li><strong>D\u00c9FINISSEZ VOTRE PROJET PROFESSIONNEL<\/strong>\n<ul class=\"wp-block-list\">\n<li><em>Pour trouver c\u2019est important de savoir ce que je cherche<\/em><\/li>\n<\/ul>\n<\/li>\n\n\n\n<li><strong>FAMILIARISEZ-VOUS AVEC L\u2019OUTIL NUM\u00c9RIQUE<\/strong>\n<ul class=\"wp-block-list\">\n<li><em>J\u2019apprends \u00e0 g\u00e9rer une bo\u00eete emails &#8211; \u00e0 surfer sur le net.<\/em><\/li>\n<\/ul>\n<\/li>\n\n\n\n<li><strong>CR\u00c9EZ VOTRE PROFIL FOREM<\/strong>\n<ul class=\"wp-block-list\">\n<li><em>En cr\u00e9ant mon profil, je me rends visible aupr\u00e8s des employeurs et je peux consulter des offres qui me correspondent.<\/em><\/li>\n<\/ul>\n<\/li>\n\n\n\n<li><strong>&nbsp;R\u00c9ALISEZ UN STAGE EN ENTREPRISE<\/strong>\n<ul class=\"wp-block-list\">\n<li><em>Je ne suis pas certain du m\u00e9tier que je souhaite exercer. Je souhaite confirmer mon projet professionnel et\/ou acqu\u00e9rir une exp\u00e9rience r\u00e9cente.<\/em><\/li>\n<\/ul>\n<\/li>\n\n\n\n<li><strong>B\u00c9N\u00c9FICIEZ D\u2019UN ACCOMPAGNEMENT POUR OBTENIR VOTRE PERMIS DE CONDUIRE<\/strong>\n<ul class=\"wp-block-list\">\n<li><em>Toutes les entreprises ne sont pas accessibles en transport en commun et les employeurs appr\u00e9cieront que je n\u2019aie pas de probl\u00e8me pour me d\u00e9placer.<\/em><\/li>\n<\/ul>\n<\/li>\n\n\n\n<li><strong>APPRENEZ \u00c0 R\u00c9ALISER UN CV ET DES LETTRES DE MOTIVATION<\/strong>\n<ul class=\"wp-block-list\">\n<li><em>Un cv et une lettre restent des documents demand\u00e9s. Ils me repr\u00e9sentent et ce sont eux qui vont me permettent \u2026ou pas de rencontrer l\u2019employeur.<\/em><\/li>\n<\/ul>\n<\/li>\n\n\n\n<li><strong>D\u00c9COUVREZ TOUTES LES FILI\u00c8RES DE RECHERCHE EMPLOI<\/strong>\n<ul class=\"wp-block-list\">\n<li><em>De plus en plus, la recherche emploi s\u2019op\u00e8re sur internet \u2026<\/em><\/li>\n<\/ul>\n<\/li>\n\n\n\n<li><strong>PR\u00c9PAREZ VOS ENTRETIENS D\u2019EMBAUCHE<\/strong>\n<ul class=\"wp-block-list\">\n<li><em>Comment puis-je convaincre&nbsp;? Comment d\u00e9montrer ma motivation&nbsp;?<\/em><\/li>\n<\/ul>\n<\/li>\n\n\n\n<li><strong>IDENTIFIEZ LES AIDES A L\u2019EMPLOI<\/strong>\n<ul class=\"wp-block-list\">\n<li><em>Quels sont les avantages qu\u2019un employeur peut obtenir s\u2019il m\u2019engage&nbsp;?<\/em><\/li>\n<\/ul>\n<\/li>\n\n\n\n<li><strong>TROUVEZ DES OFFRES ET Y R\u00c9PONDRE\/envoyez des candidatures spontan\u00e9es<\/strong>\n<ul class=\"wp-block-list\">\n<li><em>Je participe \u00e0 des ateliers de recherche active d\u2019emploi.<\/em><\/li>\n<\/ul>\n<\/li>\n\n\n\n<li><strong>RENCONTREZ UN AGENT D\u2019UNE SOCI\u00c9T\u00c9 INT\u00c9RIM<\/strong>\n<ul class=\"wp-block-list\">\n<li><em>Travailler en int\u00e9rims est un bon tremplin&nbsp;: cela peut me permettre de prouver mes comp\u00e9tences et<\/em> <em>d\u2019acqu\u00e9rir de l\u2019exp\u00e9rience<\/em><\/li>\n<\/ul>\n<\/li>\n\n\n\n<li><strong>RECEVOIR LES CONSEILS D\u2019UN PROFESSIONNEL DE L\u2019IMAGE<\/strong>\n<ul class=\"wp-block-list\">\n<li><em>Quoi qu\u2019on en dise on n\u2019est souvent jug\u00e9 sur son apparence. Je veux faire bonne impression lors d\u2019un entretien.<\/em><\/li>\n<\/ul>\n<\/li>\n\n\n\n<li><strong>TROUVER UNE FORMATION QUALIFIANTE<\/strong>\n<ul class=\"wp-block-list\">\n<li><em>Si je veux atteindre mon objectif, je dois me donner les moyens.<\/em><\/li>\n<\/ul>\n<\/li>\n<\/ul>\n\n\n\n<p><em>Certaines professions n\u00e9cessitent une formation reconnue.<\/em><\/p>\n\n\n\n<p>Nos jobs coach mettent en \u0153uvre toutes les actions n\u00e9cessaires pour lever les freins \u00e0 l\u2019emploi.<\/p>\n\n\n\n<p>Pour nous contacter&nbsp;: Patrick DELARGE 04\/247 74 43 ou patrickdelarge@ans-caps.be<\/p>\n\n\n\n<p><strong><em>Vous ne r\u00e9sidez pas \u00e0 Ans\u00a0?<\/em><\/strong><\/p>\n\n\n\n<p>Vous pouvez prendre contact avec la MIREL<\/p>\n","protected":false},"excerpt":{"rendered":"<p>Notre service propose un accompagnement gratuit aux demandeurs d\u2019emploi r\u00e9sidant \u00e0 Ans. Peu importe votre statut&nbsp;: ch\u00f4meur \u2013 b\u00e9n\u00e9ficiaire du Revenu d\u2019int\u00e9gration &#8211; personne sans revenu Participer \u00e0 un coaching emploi&nbsp;? En fonction de vos besoins, vous choisissez le programme&nbsp;: Certaines professions n\u00e9cessitent une formation reconnue. Nos jobs coach mettent en \u0153uvre toutes les actions [&hellip;]<\/p>\n","protected":false},"author":2,"featured_media":0,"parent":0,"menu_order":0,"comment_status":"closed","ping_status":"closed","template":"","meta":{"footnotes":""},"class_list":["post-479","page","type-page","status-publish","hentry"],"_links":{"self":[{"href":"https:\/\/latetedelemploi.be\/index.php\/wp-json\/wp\/v2\/pages\/479","targetHints":{"allow":["GET"]}}],"collection":[{"href":"https:\/\/latetedelemploi.be\/index.php\/wp-json\/wp\/v2\/pages"}],"about":[{"href":"https:\/\/latetedelemploi.be\/index.php\/wp-json\/wp\/v2\/types\/page"}],"author":[{"embeddable":true,"href":"https:\/\/latetedelemploi.be\/index.php\/wp-json\/wp\/v2\/users\/2"}],"replies":[{"embeddable":true,"href":"https:\/\/latetedelemploi.be\/index.php\/wp-json\/wp\/v2\/comments?post=479"}],"version-history":[{"count":4,"href":"https:\/\/latetedelemploi.be\/index.php\/wp-json\/wp\/v2\/pages\/479\/revisions"}],"predecessor-version":[{"id":1069,"href":"https:\/\/latetedelemploi.be\/index.php\/wp-json\/wp\/v2\/pages\/479\/revisions\/1069"}],"wp:attachment":[{"href":"https:\/\/latetedelemploi.be\/index.php\/wp-json\/wp\/v2\/media?parent=479"}],"curies":[{"name":"wp","href":"https:\/\/api.w.org\/{rel}","templated":true}]}}